the prime factors of i?
113
Suppose -126*f + 35580 = -117*f - 5226. What are the prime factors of f?
2, 2267
What are the prime factors of -2 + (-39)/(-21) + ((-3160086)/(-42) - 1)?
75239
Suppose 193503 = 3*w - 3*n, 0 = 10*n - 9*n + 7. List the prime factors of w.
2, 3, 3583
Let s = -66 + -41. Let v = 1054 + s. List the prime factors of v.
947
Let l(y) = y**2 - 2*y + 2. Let j be l(10). Let q = -80 + j. Suppose 44 = q*s - 96. What are the prime factors of s?
2, 5, 7
Suppose 2998 = n - 4*w, n + 4*w - 1142 - 1896 = 0. What are the prime factors of n?
2, 3, 503
Let x(o) = -163*o + 224. What are the prime factors of x(-20)?
2, 13, 67
Let i(k) = 17*k**2 + 99*k - 2033. What are the prime factors of i(19)?
3, 5, 7, 19
Let k be (-16)/8 - 5 - -4. Let w(c) = -238*c + 32. What are the prime factors of w(k)?
2, 373
Suppose 0 = -23*m - 11*m. Suppose m = 41*c - 15*c - 416. What are the prime factors of c?
2
Let x(f) = -45*f - 24. Let r be x(-3). Let i = 78 + r. List the prime factors of i.
3, 7
Suppose 2*n - n - 3*g - 6703 = 0, -13379 = -2*n - 3*g. List the prime factors of n.
2, 3347
Let a(m) = 17*m - 117. Let y be a(7). Suppose -5*v - t = -2339, -y*v + 723 = -2*t - 215. List the prime factors of v.
2, 3, 13
Suppose -2*a + 4*d + 43492 = 0, -621*a - d = -618*a - 65287. List the prime factors of a.
2, 5, 17
Suppose -18*b - 9188 = -20*b + 2*p, 5*b - 22980 = 3*p. What are the prime factors of b?
3, 7, 73
Suppose -5*n + 6*n - 4 = 0. Suppose -n*c = -5*f + 28, 5*f = 2*c + 3*c + 30. Suppose 27 = -w + f*w. What are the prime factors of w?
3
Suppose 0 = -16*u - 1018 - 1142. Let i = 263 + u. What are the prime factors of i?
2
Let u(v) = 8 + 2*v**3 + 9 - 27 + 8*v - 4*v**2 + 8*v. Suppose -7*c + b = -3*c - 17, 2*c = 2*b + 4. List the prime factors of u(c).
2, 5, 11
Suppose -17*o + 96*o - 12719 = 0. Suppose 3*v - v - 104 = 0. Let a = o - v. What are the prime factors of a?
109
List the prime factors of (-104)/572 + 3 + (-220717)/(-11).
2, 29, 173
Suppose 26 = 9*y - 10. Suppose -5*m + 2*g + 1533 = -842, -1912 = -4*m + y*g. List the prime factors of m.
11, 43
Let f = -396 + 422. Let k(i) = 2*i**3 - 9*i**2 + 4*i + 2. Let u be k(6). List the prime factors of f/130 - u/(-5).
3
Let s(l) = 18*l - 234. Let p be s(13). Suppose 0*q + 497 = i - 4*q, p = 5*i - 4*q - 2469. What are the prime factors of i?
17, 29
Suppose -f = -2*k - 85, 4*k + 10*f - 5*f + 177 = 0. Suppose -3*h = -c + 203, 3*h = h + c - 134. Let j = k - h. What are the prime factors of j?
2, 13
List the prime factors of (-8)/(4 + (-14)/4 - 9425/18746).
2, 7, 103
Let u(b) = -2*b**3 + 7*b**2 + b + 6. Let a be u(4). Let h(i) = 12*i**2 - 8*i - 42. List the prime factors of h(a).
2, 3, 73
Let i = 29 - 25. Suppose 0 = i*f + 4*v - 7 - 5, 0 = -2*f - v + 3. Suppose 65 = -2*t + 5*w + 187, f = 5*w - 10. What are the prime factors of t?
2, 3, 11
Let r(k) = -k**2 + 4*k**2 - 12*k - 2*k**2 + 2*k + 13. Let t be r(6). Let x(c) = -c**3 - 10*c**2 + 10*c - 4. What are the prime factors of x(t)?
7
Let g(o) = o**2 - 4*o - 12. Let n be g(6). Suppose k + 4*m - 55 = -n*k, 4*k - 285 = -3*m. Suppose 17*i + k = 22*i. List the prime factors of i.
3, 5
Suppose w = -r + 10050, 95*w - 4*r - 20124 = 93*w. List the prime factors of w.
2, 11, 457
Let b = -88 + 184. Let l = -92 + b. Suppose l*f - 376 = 368. List the prime factors of f.
2, 3, 31
Let w be (-2 - -1)*-5 + 12/(-4). Let r be 11/11 + 2 + 191 + w. What are the prime factors of ((-6)/8)/1*(32 - r)?
3, 41
Let a = -11 + 12. Let s(n) = -a + 10*n - 5*n**2 + 6*n**3 - 3 - 8*n + 3*n. List the prime factors of s(3).
2
Suppose -9*w - 48 = 3*w. What are the prime factors of (-1750)/(-20)*w*(-2)/10?
2, 5, 7
Suppose -8 + 13 = 5*f. What are the prime factors of ((-260)/(-8))/(f/2)?
5, 13
Let b be (-12104)/170*1/2*15. Let m = b - -936. What are the prime factors of m?
2, 3, 67
Let l(z) = 15*z**3 + 6*z**2 + 47*z - 317. List the prime factors of l(6).
11, 311
List the prime factors of 80*((-174)/12 + 10)*89/(-3).
2, 3, 5, 89
Suppose 14*l - 12 = 10*l. Suppose n + 615 = 3*r, -4*n = l*r - 647 + 47. List the prime factors of r.
2, 3, 17
Let f(x) = -x - 11. Let h be f(-13). Suppose -2*b = 5*q - 351, 0*q - 4*b + 134 = h*q. Suppose q = z - 72. What are the prime factors of z?
11, 13
Let c(o) = 638*o + 794. List the prime factors of c(11).
2, 3, 7, 31
Let m(w) = -488*w + 287. List the prime factors of m(-9).
4679
Let h be -4 + 8 - 10 - -846. Suppose 0*c - c - h = -5*i, -2*i - c + 329 = 0. List the prime factors of i.
167
Suppose 5*z = 2*o + 15 - 2, -4*z + 14 = 2*o. Suppose 3*m = 5*k - 2289, -6*m + m - 1383 = -z*k. Suppose 0*l - k = -6*l. List the prime factors of l.
2, 19
Suppose 1197 = 55*k - 54*k + 3*l, -4*k - l + 4799 = 0. Let c = 2427 - k. What are the prime factors of c?
3, 409
Suppose -2*d = 2*k + 50, -7*k + 5*k + 3*d - 60 = 0. Let w be (-1)/((-2)/12)*9/k. What are the prime factors of 0 - (w + (-59 - 2))/1?
3, 7
Let f(c) = 28*c**2 + 312*c + 115. List the prime factors of f(30).
5, 19, 73
Let h(u) = 33*u**2 + 5*u - 11. Let x be h(3). Suppose -5*a = -4*p + 854, 0 = -3*a + 2*p - 477 - 37. Let y = x + a. List the prime factors of y.
127
Let x(a) = -14*a + 2. Let q be x(1). List the prime factors of (-4)/q*82*9.
2, 3, 41
Let c be 226/8 - (-36)/(-144). List the prime factors of 0 + 4 - (16 - c).
2
Let n be (-1 + -2)*(-5)/(120/856). Suppose -5*b + 178 = 4*m - 355, -b - m = -n. List the prime factors of b.
3, 5, 7
Let t(u) = 3*u**2 - 24*u + 246. What are the prime factors of t(50)?
2, 3, 1091
Let p(b) = b**3 - 12*b + 9. Let y(d) = 5*d - 1. Let o be y(2). List the prime factors of p(o).
2, 3, 5, 7
Suppose 6*t - 49026 - 22630 = -2*t. What are the prime factors of t?
13, 53
Suppose 29*r - 2053 - 2374 = 10*r. List the prime factors of r.
233
Let c be ((-16986)/(-190))/(1/5). Suppose 5*k = -3*a + 1117, -2*k - 4*a + 3*a + c = 0. List the prime factors of k.
2, 7
Let o(b) = 23*b - 54. Let n be 3/3 + (-30)/6. Let q(c) = 45*c - 110. Let i(y) = n*q(y) + 9*o(y). List the prime factors of i(4).
2, 31
Suppose 24*q - 26*q - 550 = 0. Let f = q - -397. List the prime factors of f.
2, 61
Let k(m) be the third derivative of -5/6*m**4 - 9/2*m**3 + 0 + 0*m - 3*m**2. List the prime factors of k(-7).
113
What are the prime factors of (12 + -18)*(64/(-6) - 5)*404?
2, 47, 101
Suppose -o - 7 = -2*y, 3*y - 9*o = -6*o + 12. Suppose -5 = t, 109*g = 113*g + y*t - 3189. List the prime factors of g.
3, 89
Suppose 17098 = 28*h - 293982. List the prime factors of h.
2, 5, 11, 101
Let o = 241 - 112. Let l = o - 125. Suppose 1836 = 5*m + l*m. What are the prime factors of m?
2, 3, 17
Suppose 0 = 2*o + c - 20347, 4*o - 17*c + 18*c - 40693 = 0. List the prime factors of o.
3, 3391
Suppose 20*o - 1014 = 18*o. Suppose -c + o + 109 = 0. What are the prime factors of c?
2, 7, 11
Suppose -11*s = -0*s - 374. Suppose -2*h = 5*x - 2713, -32*h + 1088 = 2*x - s*h. List the prime factors of x.
3, 181
Let u(l) be the third derivative of 13*l**5/60 + 3*l**4/4 + 17*l**3/6 - 51*l**2. What are the prime factors of u(-8)?
3, 5, 47
Suppose -157*u - 3622 + 328252 - 50194 = 0. List the prime factors of u.
2, 19, 23
Suppose 5*m - 6*m + 4019 = 4*c, -c = 4*m - 1016. Suppose -192 = -2*p + p + 3*u, -5*p + c = -4*u. List the prime factors of p.
2, 3, 17
Let s be (-64)/(-28) - -2*(-1)/7. Suppose 0 = -p + 5*y - 13, -y = -1 - 2. Suppose 0 = -3*r - p*v + 287, -5*v - 23 = s. List the prime factors of r.
3, 11
Let y = 32 + -29. Suppose 6*p + 78 = y*p. Let f = p - -74. What are the prime factors of f?
2, 3
Suppose -2*t - 4 = -2*q, -2*t + 4*q = -q + 16. Suppose -5*s = -3*i - 5 - 3, 0 = t*i - 5*s + 7. List the prime factors of (-168)/224 + 67*i/(-4).
2
Let i be (26588/85)/(2 + (-56)/30). Suppose -7*z + 370 = -i. What are the prime factors of z?
2, 97
Let w = -3254 - -5018. Suppose 0 = -554*l + 555*l - w. List the prime factors of l.
2, 3, 7
Let m(o) = 86*o**2 - 29*o + 76. Suppose 0 = 46*u + u - 141. What are the prime factors of m(u)?
7, 109
Suppose y + 29 + 123 = 0. Let a = y + 536. List the prime factors of a.
2, 3
Let v = -2679 - -3558. List the prime factors of v.
3, 293
Let f be 20 + (30/5 - 7). Suppose f*d = 15892 + 1626. What are the prime factors of d?
2, 461
List the prime factors of ((-64984)/(-16) - -15)*12.
2, 3, 31, 263
Suppose 4*n + n - 25 = -t, 0 = 3*n - 12. Let d = -73 + 